+ 39)
33
Evaluate (-46 - 13) + 51 + -22.
-30
What is the value of 37 + (-112 - -123) - ((-1 - -5) + -1)?
45
Evaluate (43 - (-5 + 31)) + -32 - (37 + 4 + -6).
-50
What is the value of 35 - (-18 + (-105 - (-29 - -17)))?
146
What is -13 + (2 + 1 - ((-20 - -24) + -21))?
7
What is the value of -43 - -2 - (654 - 740)?
45
Evaluate 0 + (29 - 12) + -22 - (2 - (1 + -44)).
-50
Evaluate 93 + 35 + -43 + 8 + -41.
52
Evaluate 6 + (38 - (26 - -22)) - (-3 + -4).
3
-42 + 11 + 14 + -2
-19
27 + (-1 - 5) + (-102 - (-97 + 2))
14
Evaluate 7417 + -7457 + (11 - 0).
-29
Evaluate -1 - 98 - (-41 + 8 + -2 + 22).
-86
Evaluate -77 + (-9 - 25 - (51 + -119)).
-43
What is 21 - (-2 - -2 - 0) - (-858 + 950)?
-71
(-247 - -269) + (4 - -9) + -12
23
What is the value of -2306 - -2314 - (-35 + -1 - 2)?
46
What is the value of 0 + -49 - 2 - (61 - 22 - 26)?
-64
17 + -43 + 84 + -56
2
What is the value of 22 + 32 + 1 + -62 + 51?
44
What is the value of 7 + (-5 - -25) + -47?
-20
Calculate 32 - (-15 - -81 - -41).
-75
-265 + -3 - (-341 - -203)
-130
What is (35 - 23 - -14) + (-4 - (4 + -3))?
21
Evaluate (-1 - -2) + (31 - 12) + -16 + -9.
-5
Evaluate 4 + -2 + -33 + (18 + -13 - -2) + -20.
-44
What is the value of (114 - ((15 + -3 - (21 - 24)) + -28)) + -10?
117
What is the value of 3 - -32 - (-5 + 10 - (14 + (-29 - -14)))?
29
What is -6 - -5 - (456 + -473) - (0 - (2 + -2))?
16
(2 + -3 - (88 - 101)) + (-106 - (7 + -2))
-99
Calculate -4 + (-1 - -1 - (101 - 113)) + 42.
50
What is (-29 + 7 - -45) + -82 - -20?
-39
-44 + ((8 + -20 - -6) + 9 - (-19 - -15))
-37
5 + (-14 + -63 - -59)
-13
Calculate (-45 - -12) + -55 + (2 - 3 - (3 + -1)).
-91
-2 - 127 - (-704 - -691)
-116
What is -6480 - -6476 - (21 + (-2 - 0))?
-23
Calculate -487 + 505 - (1 + -4 + 4 + -19).
36
-229 + 243 + (-2 - -90) + 0
102
What is the value of 16 + -32 + -86 + 72?
-30
1 + -1 - (14 - (-13 - -15))
-12
What is the value of -43 - (-31 + -55 + 2 + 37)?
4
Evaluate (0 - 2) + (3 - -9 - -3 - -38).
51
(4 - (2 + 39)) + 27
-10
Evaluate 19 + (2 + -5 - (-1 - (-4 + -5))).
8
Calculate 51 - (84 + -64 - 6).
37
What is (-2 - -16) + (-816 - -764)?
-38
Calculate 42 + -59 - -87 - 135.
-65
Evaluate 3 + 0 + -125 + 7 + (46 - 32) + -8.
-109
2 - 36 - (13 + 9 + -7 + -17)
-32
What is (-3 + 3 - 4) + (-40 + 5 - -38) + 44?
43
Evaluate -118 - (2 + -204 + 103).
-19
What is (-127 - -65 - 47) + 69?
-40
Calculate (41 - -2) + (-103 - -101) + (-14 - 0).
27
Calculate -3 - (-38 - -35 - -84).
-84
-50 + (-91 + 35 - -72)
-34
18 - (0 - 1) - (-21 + 115 - 46 - 60)
31
-25 - -8 - ((-35 - -5) + 47)
-34
Evaluate 80 + -52 + (-41 - -12) + (3 - 5) + 12.
9
What is (10 - 18 - 7) + 19 - (15 - 1)?
-10
What is the value of -32 - ((-60 - -87) + -40)?
-19
Calculate (-88 + -28 - -61) + 130.
75
What is the value of 68 + (17 - 70 - -58)?
73
-27 + (-26 - (37 + -54))
-36
What is the value of 11 - ((2 - -1) + (51 - 58) + 13)?
2
What is -32 + 48 - -2 - (6 - 1) - -7?
20
Calculate 85 + (-79 - -35) + -15.
26
Evaluate (5 + 5 - 2) + (-180 - -178).
6
Evaluate 540 + -580 - (1 - 46).
5
-23 - (6 + 106 + -91)
-44
Evaluate 64 - 9 - (-325 + 301).
79
Evaluate 20 - ((-28 - -45) + (-3 - 19)).
25
What is the value of -15 + ((3 - -2) + 7 - (37 - 37))?
-3
What is the value of -123 - (-39 + 16 + 53 - (21 + -2))?
-134
Evaluate 210 + (151 - 375) + 90 + 1.
77
Calculate -473 + 425 - (-1 - 116) - (2 + -3).
70
What is -14 + 6 + (-4 - 38) + (-20 - 0)?
-70
Evaluate (0 - 8) + ((-45 - -22) + 15 - -20).
4
10 - (-2 + 4 + -9) - 20
-3
(41 - -50) + (112 - 174)
29
What is -1 + 3 + -4 - (-65 - (-139 + 58))?
-18
What is 42 + -54 + -44 + 37?
-19
-2 + -2 - ((7 + -3 - (-8 + -2)) + 1)
-19
-6 + -24 + 60 - 57 - 31
-58
Evaluate (72 - 66) + 75 + -63.
18
Calculate (117 - 193) + 177 + -25.
76
What is 103 + -68 + -58 + -2 + -2 + 1?
-26
Evaluate 29 - (5 + 2 + -1) - (-560 - -480).
103
Calculate -165 - (-140 + -95 + 164).
-94
What is the value of -126 + -58 + (-79 - -251)?
-12
What is -3 + -1 + (-40 - (-50 + 16)) + -22?
-32
What is (15 + 4 - (179 - 138)) + (-5 - -68)?
41
What is the value of -30 + 69 + -44 - (3 - -5)?
-13
What is (8 - 4 - 12) + (5 - 1 - (38 - 38))?
-4
Evaluate 9 + (-5 - (-26 + (19 - 13))).
24
Calculate 4 + -9 + (15 + -15 - -9) - -67.
71
Calculate 133 + (53 - 291) + (8 - (1 - 4 - -6)).
-100
Calculate 137 + (-4 - 141) - (0 + -17).
9
366 + -437 - (-34 + 0) - -22
-15
Calculate 30 + (107 - 39) + -68.
30
What is (-9 - 5) + (-5 - -14 - -5 - 15)?
-15
What is the value of 12 + 0 + -182 + (-329 - -540)?
41
Evaluate 4 + -2 + 0 - 11 - (-112 + 112 - 53).
44
0 + -35 + -13 + 24 - 8
-32
What is the value of (-6 - (-6 - -2)) + (-197 - -218)?
19
Calculate 7 + -6 - (20 + -12 + -12) - (0 + -21).
26
(9 + -4 + -17 - -8 - 1) + -57
-62
Evaluate 5 - (-9 - (-8 + -16)) - (10 + 10 + 30).
-60
Evaluate (2 - -1 - 52) + (13 - 27) + 27.
-36
567 + -555 - (0 + (5 - 4) + -14)
25
Calculate 75 + -162 + 50 + -16.
-53
What is 102 - (43 - -30 - 65)?
94
Evaluate -9 - (-2 - -2) - (-108 - -107) - -1.
-7
16 + (-189 + 179 - (-7 - -3 - 0)) + 64
74
Calculate (-5 - -2) + 26 - 6 - (-9 + 20 + -1).
7
(-3 - -2) + (175 - (-35 - -58) - 12)
139
What is the value of -23 + -20 + 13 + -47 + (8 - 4)?
-73
What is 38 + -56 + -28 - -16 - 4?
-34
Calculate 29 + -223 + 36 + 112.
-46
Calculate 160 + -105 - 36 - (-19 + 0).
38
What is -11 - ((-11 - -10) + 11 - 22)?
1
6 + -37 + -1 - (6 + (9 - (9 + 2)))
-36
What is 104 + (-26 - (1 - 29 - -27))?
79
What is the value of 0 + (8 - (12 - 4)) + (-15 - 0)?
-15
What is the value of (-24 - (33 + -49) - (-10 + 1) - 10) + 52?
43
What is the value of (-2 - 22) + (-5 - (-27 - -14)) + 7?
-9
What is -60 - -18 - (-339 + 265)?
32
What is -74 - ((-53 - -48) + (-23 - 2))?
-44
What is -3 + (-7 - 1) + (-1 - 6 - (83 - 98))?
-3
What is 93 + (16 - (-88 + 142))?
55
-3 - (-3 - 91) - (39 + -53 + 8) - 7
90
5 + -37 + (-28 - -2) + -2
-60
What is -6 - (-2 - -3) - (-99 - -144)?
-52
What is 647 + -657 + (-34 - -3)?
-41
-47 - (-41 + -28) - (4 + -31 - -6)
43
-11 - (407 - 400 - (-1 + -9))
-28
What is the value of -40 - (-70 - -10) - (-3 - -8)?
15
What is the value of -103 + 41 + 59 + (19 - -5)?
21
What is the value of -9 - (-46 - -21 - -7 - -31 - (138 - 1))?
115
Calculate 8 - (41 + -26 + 61 + -39).
-29
What is (1 - (30 - 0)) + (22 - 20) + -13?
-40
-2 + 1 - (22 - 3 - 20 - -43)
-43
Calculate (-280 - (-245 - -35)) + (-11 - 1) + 2.
-80
What is the value of (-46 - (29 - 100)) + 60 + -3?
82
What is the value of (1 + -2 + 4 - (454 + -456)) + -27?
-22
What is (9 + -49 - ((5 - -1) + -1)) + -8 + -1?
-54
119 + -87 + (28 - 74)
-14
Calculate -6 - 1 - ((6 - 0) + -8 + 5 + -2).
-8
Calculate 29 + -6 + 7 + -1 - 98.
-69
What is -21 + -11 - -9 - (-24 + 1 + -118)?
118
-4 - (-4 - 0 - (111 + (-40 - 72)))
-1
What is -6 + -25 + 31 - -19 - 117?
-98
Evaluate -1 - -80 - (5828 - 5777).
28
(3 - (-11 + 26) - -90) + -1
77
What is -13 + -11 + 26 + (18 - 21) + -64?
-65
What is the value of -124 + (423 - 294) - (0 + -72)?
77
Calculate (-13 - (-43 + -97)) + -91.
36
Calculate (14 - 2 - ((8 - 4) + -5)) + 25.
38
Calculate -29 + (-89 - -106) + -26.
-38
Evaluate -8 + (-4 - (-19 + -16)) + -15 + 17.
25
What is the value of 180 - 161 - (8 + (2 - 1 - 24))?
34
What is the value of -9 - (45 - 53 - (-1 - 13 - (-31 + 30)))?
-14
Evaluate (-254 - -190) + 55 + -2.
-11
What is -3 + -2 - -4 - 3 - ((-15 - -12) + -82)?
81
Calculate -3 - 1 - (-13 + 0 + -4 + (109 - 118)).
22
Calculate 33 + -43 - 37 - -9.
-38
What is 16 + -2 - 2 - (-700 + 711) - (29 + -1)?
-27
Evaluate -10 - ((-3 - 2) + (48 - 28)) - (1 + 7).
-33
Evaluate 0 + (-13 - -7) + 20 + -6 + (-2 - -8).
14
What is the value of (11 - 22 - (20 + -7 + -28)) + 0 + 2?
6
Calculate -964 + 1083 - (106 + 5).
8
What is (21 - (6 + 11) - 2) + (-50 - -90)?
42
What is (16 - 8) + (1 + 20 - 0 - (-2 + -2))?
33
(35 - 19) + 24 - 69
-29
What is 0 + -13 + 1 - (1275 - 1279)?
-8
What is 24 - 1 - (-11 - (1 - (11 - (10 - 15))))?
19
What is the value of -83 + 3 + 46 + (1 - (0 + 3)) + 4?
-32
(4 - (2 - -17)) + (9 - (22 + -7)) + 2
-19
-103 + (26 - 1 - 15) + (2 - 2) + 2
-91
Calculate (-6 - (-1 - (-6 + 1))) + (2 - 3).
-11
What is (-17 - 5) + (-1 - -3) - 0?
-20
What is 67 + -7 + -18 + -2 + -17?
23
What is the value of 69 - (114 + 1 + -38)?
-8
38 - (9 - ((-21 - -17) + -14))
11
What is (-6 - (-8 - 18)) + -33 - -69?
56
Calculate -7 - ((9 - (34 + -15)) + 17) - 49.
-63
Calculate 12 - -2 - 48 - 9.
-43
Evaluate 23 - ((0 + (8 - 